2*q + 60 = 20. What is the highest common factor of q and 40?
20
Suppose -35 = -3*f - 5. Let r = 5 + 0. Calculate the highest common factor of r and f.
5
Suppose 5*p = 2*p + 15. Suppose 4*q + p*z = 4*z + 11, 2*q = 5*z - 11. Suppose -3*c = q*c - 180. Calculate the highest common divisor of c and 18.
18
Suppose 4*k - 9 - 103 = 0. Let w be 2/(-7) + 37/7. Suppose -3*x = -w*x + k. What is the highest common factor of x and 7?
7
Let z = 6 - 2. Suppose -10 = -3*n - 1. Suppose 2*u - n*b - 29 = 43, 3*u - 108 = -z*b. What is the greatest common divisor of u and 4?
4
Suppose -g = -5*g + 12. Suppose 5*w - 24 = -c - 2*c, 4*w - 15 = -c. Calculate the highest common factor of g and w.
3
Let f(b) = 219*b + 3. Let w be f(-2). Let t be w/(-39) - (-12)/(-78). What is the greatest common factor of t and 44?
11
Let r be (126/(-8))/((-13)/52). Suppose 0 = -4*v + g - 5*g + 24, 0 = 4*v - g - 29. What is the greatest common factor of r and v?
7
Suppose -101 = 6*g - 407. Calculate the greatest common divisor of g and 3.
3
Let u be (1 + 0)/(4/16). Suppose 0 = -c + 5*s + 15, -3*c + 0*c - u*s = -64. What is the highest common divisor of c and 50?
10
Let t = -3 + 4. Let j be (t/3)/((-2)/(-78)). Let b = 12 + 27. Calculate the highest common factor of j and b.
13
Let f(k) = k + 22. Let p be f(0). Calculate the highest common factor of 198 and p.
22
Suppose 20 = -4*m, 0 = i + 3*i + 5*m + 213. Let r = 1 - i. What is the greatest common divisor of 12 and r?
12
Let g be 1 + 1/((-1)/(-12)) + -3. Calculate the greatest common factor of g and 70.
10
Let a be (-1380)/(-18) - (-2)/6. Let t(i) = -i - 13. Let j be t(-6). Let s = 0 - j. What is the greatest common factor of s and a?
7
Let o(q) = -q**2 + 10*q - 1. Let a be o(9). Let p(f) = -10*f - 4. Let j be p(-6). What is the highest common factor of a and j?
8
Suppose 0 = 4*v + h + 4*h + 19, -36 = v - 5*h. Let c(k) = k + 11. Let d be c(v). Let f be -1 + (2 - d)*46. What is the greatest common divisor of f and 13?
13
Suppose 12*k - 10*k = 40. What is the highest common factor of k and 60?
20
Let x(r) = r**2 + 1. Let m be x(1). Suppose 4*s + 10 = 3*u, 4 = -5*u + s + 15. What is the greatest common factor of u and m?
2
Let x(b) = -b**2 - 6*b - 3. Let c be x(-5). Let d(y) = -327*y + 3. Let i be d(c). Let p = -442 - i. What is the greatest common factor of 19 and p?
19
Let n = 41 + -29. What is the greatest common divisor of n and 12?
12
Let r(m) = -6*m + 1. Let x be r(-1). Suppose 0 + 6 = t. Let j be 2/t - (-668)/12. What is the highest common divisor of x and j?
7
Let x = -5 - -11. Let f(k) = k**2 - 3*k + 2. Let d be f(x). Calculate the greatest common divisor of d and 80.
20
Suppose 26 = 4*q + 2*p, -3 + 2 = -p. Let z(k) = -2*k**3 - 4*k. Let t be z(-3). Calculate the highest common divisor of q and t.
6
Let b be 1 + 2 + 0/(-2). Suppose -b = -j - 1. What is the highest common factor of j and 10?
2
Let w = 1 + 1. Let c = w - -1. Calculate the greatest common factor of c and 24.
3
Let q(m) = m + 8. Let j be q(-6). Let k(o) = 2*o**3 - o**2 + o - 3. Let t be k(j). What is the highest common factor of t and 121?
11
Let k(s) = 32*s**2 + s - 1. Suppose -4 = 4*u - 4*r, -u - u = -4*r. Let t be k(u). Suppose t = -0*w + 5*w. Calculate the highest common factor of w and 5.
5
Let y = 28 + -15. Calculate the greatest common factor of y and 26.
13
Let m be (4/(-5))/((-2)/(-10)). Let r be 13/4 - m/(-16). Suppose 7*y + i - 287 = r*y, -2*y + 146 = -2*i. Calculate the greatest common factor of y and 12.
12
Suppose -36 = -4*s - 2*u - 8, -5*u + 10 = -2*s. Suppose -5*b + 69 = s*h + 4, 0 = 4*h - 5*b - 7. Let i = h - 3. What is the greatest common factor of i and 10?
5
Suppose -3*p = -6*p + 54. Let f = 30 + p. What is the greatest common factor of 16 and f?
16
Let v(w) = -w**2 - w + 4. Let y be v(0). Suppose 6*k - y*k - 192 = 0. Calculate the greatest common divisor of k and 12.
12
Suppose -32 = 3*b - 362. What is the greatest common divisor of b and 10?
10
Let h(r) = -7*r - 4. Let f be h(-3). Suppose -2*d = -5*j + f, 0*j - 4*j + 9 = 3*d. Let q be (j - (-21)/(-9))*30. What is the highest common divisor of q and 4?
4
Let k be (-118)/(-1)*2/4. Let m = 103 - k. Calculate the highest common divisor of m and 4.
4
Let x = -46 + 94. Suppose -2*f - 32 = -3*f. What is the greatest common divisor of x and f?
16
Let s = 0 + 0. Let a be (s*(-1 + 2))/(-1). Suppose a*z + 3 = z. What is the greatest common factor of 33 and z?
3
Let q(t) = 14*t - 8. Let k be q(7). What is the greatest common divisor of 18 and k?
18
Suppose 48*i + 10 = 49*i. Calculate the greatest common divisor of i and 10.
10
Suppose 33 = -x + 2*x. What is the greatest common divisor of 165 and x?
33
Suppose -j - 10 = -0*j - 4*k, 5*j - 5*k = 10. Let c(s) = -s**3 - 2*s**2 - s + 2. Let q be c(-2). Calculate the greatest common divisor of j and q.
2
Let u(m) be the first derivative of 2*m**3/3 - 5*m**2/2 - 3*m - 3. Let g be u(5). Let z = g + -11. What is the highest common divisor of z and 22?
11
Suppose -2*j - 12 = -k - 4*j, -k - 5*j = -27. Calculate the highest common factor of k and 12.
2
Suppose -f - 4 = 4*m, 0*f = -5*f - 2*m + 52. What is the greatest common factor of 4 and f?
4
Suppose -5*o - 3*k + 16 = -5*k, 3*k + 3 = -3*o. Suppose -4*i = -o*i - 6. What is the greatest common divisor of i and 3?
3
Let d be (3/2)/((-3)/(-8)). What is the highest common factor of 28 and d?
4
Let y be 2*1 + 1 + 0. Suppose h - 5*o = 76, -4*o = -y*h + o + 238. Suppose h = 4*c - 79. Calculate the greatest common factor of c and 10.
10
Suppose -3*w + 15 = r - 0*w, 0 = 4*w - 16. Calculate the greatest common factor of 33 and r.
3
Let p be -2 + (2 - -2) - -43. What is the greatest common divisor of 18 and p?
9
Suppose -x = -3, -3*n - 2*x + 21 = 3*x. Calculate the highest common factor of 4 and n.
2
Let b be (-545)/(-2) + (0 - (-3)/(-6)). Calculate the greatest common factor of 17 and b.
17
Suppose 66*t - 70*t + 56 = 0. Let r(z) = z**2 + 2*z + 4. Let j be r(-3). Calculate the highest common factor of j and t.
7
Let x = 37 + 15. What is the greatest common divisor of x and 26?
26
Suppose -r - 14 = -24. What is the greatest common factor of 80 and r?
10
Suppose 0 = -l - 4*i + 48, l + i = 6*l - 345. Suppose o - 3 = 0, 4*f = o - l + 209. Calculate the highest common factor of f and 24.
12
Suppose 0 = 5*d - 2*d - 72. Suppose 2*a - 19 = -13. Calculate the greatest common factor of d and a.
3
Let v = -2 - -10. What is the greatest common divisor of v and 8?
8
Let m = 6 + 11. Suppose -f + 0*a + m = 3*a, -5*f - 4*a + 85 = 0. What is the greatest common divisor of 119 and f?
17
Let d = 74 - -101. What is the highest common factor of d and 7?
7
Suppose 0 = -5*z + 67 - 12. What is the highest common divisor of 66 and z?
11
Suppose 0 = 2*w + 5*l - 36, 3*w = -0*w - 2*l + 43. What is the greatest common factor of 117 and w?
13
Let u(y) = -y + 6. Suppose -5*q + 4*q + 3 = 0. Let r = q - 3. Let s be u(r). Calculate the highest common factor of s and 42.
6
Suppose 0 = z - 0*g - 4*g - 28, -31 = -z + 5*g. Calculate the greatest common factor of 40 and z.
8
Suppose b - 5*h - 34 = -b, -h = 2. Suppose -o + 5*u + 28 = 0, 2*o = -5*u + 36 + 80. Calculate the highest common factor of o and b.
12
Let m = 3 + -1. Let h = 2 + m. Suppose 5*j - 23 = -3*l, h*j - 10 - 3 = 3*l. Calculate the greatest common divisor of j and 20.
4
Let z be -6*(-2 + (-15)/(-9)) - -24. Calculate the greatest common divisor of 286 and z.
26
Let u = 18 - 4. Calculate the highest common factor of u and 112.
14
Let p(f) = f**3 + 8*f**2 + 7*f - 10. Let h be p(-7). Let r be (6/h)/(4/(-20)). Let z be -3*r/9*-8. Calculate the highest common factor of z and 72.
8
Let f(q) = q**3 - 2*q**2 + 5*q - 6. Let l be f(6). Suppose 128 = k + 2*t - 5*t, k + 5*t - l = 0. What is the highest common factor of k and 13?
13
Let x(u) = u**2 + 7*u + 10. Let r be x(-8). Let j be 255/r - 1/6. Calculate the greatest common divisor of j and 7.
7
Let f(h) = -h**3 + 10*h**2 - 8*h - 1. Suppose 3*t = g - 21, 11 = -g - 5*t - 0. Let m be f(g). Calculate the greatest common divisor of 72 and m.
8
Let o be (1/2)/((-1)/(-4)). Let r = o - 3. Let d be (r + -5)/((-9)/12). What is the greatest common factor of 40 and d?
8
Let c(l) = -l**3 - 10*l**2 - 9*l + 1. Let v be c(-9). Let b be 0/(-1) + (-2 - -3). Calculate the highest c